Let a(q) = -1090*q**2 - 45895*q - 4818. Determine a(-42).
12
Let k(a) = 7311*a - 87726. Give k(12).
6
Let g(v) = 39*v + 3227. What is g(-64)?
731
Let b(p) = 143008*p - 142965. Calculate b(1).
43
Let v(y) = 1225*y + 428729. Calculate v(-350).
-21
Let f(s) = 4174*s**2 - 25050*s + 55. Determine f(6).
19
Let c(m) = -12*m**3 + 36*m**2 + 1485*m - 4463. What is c(3)?
-8
Let m(p) = -8*p**2 - 14723*p + 14730. Calculate m(1).
-1
Let p(h) = -76*h**2 + 781*h - 31. Give p(11).
-636
Let j(f) = -8*f**2 + 733*f - 7447. Calculate j(80).
-7
Let r(g) = 5*g**2 + 2457*g + 167867. Give r(-82).
13
Let d(a) = 2*a**3 + 264*a**2 + 1950*a - 261. Determine d(-8).
11
Let c(v) = 8*v**2 - 12043*v + 36052. Give c(3).
-5
Let o(t) = t**2 + 129*t - 25007. Determine o(106).
-97
Let t(n) = n**2 - 3169084*n - 28521843. Calculate t(-9).
-6
Let b(m) = -13*m**2 - 112*m + 2163. Calculate b(-18).
-33
Let l(i) = -i**2 - 301*i - 18603. What is l(-214)?
15
Let z(c) = 12759*c + 3712864. Calculate z(-291).
-5
Let h(w) = -20*w**2 - 5271*w + 2349. Determine h(-264).
-27
Let z(m) = -m**3 + 57*m**2 - 321*m - 1399. Give z(50).
51
Let b(d) = -2*d**2 - 68*d + 17085. Determine b(-111).
-9
Let i(f) = -10*f**3 + 581*f**2 - 84*f - 347. Calculate i(58).
-1855
Let u(l) = -4*l**2 + 292*l + 2186. What is u(80)?
-54
Let p(a) = 3*a**3 - 3216*a**2 - 50*a + 53597. Calculate p(1072).
-3
Let b(h) = 42*h - 1270. Give b(47).
704
Let b(h) = 16894*h + 118299. Determine b(-7).
41
Let l(s) = 2892*s - 20198. What is l(7)?
46
Let j(z) = 270*z**2 + 1760*z - 863. Calculate j(-7).
47
Let u(l) = 521*l - 3947. Give u(7).
-300
Let o(h) = -h**3 - 89*h**2 - 1598*h - 81. Give o(-65).
2389
Let j(v) = -165228*v - 3469788. Calculate j(-21).
0
Let i(f) = f**2 - 5627*f + 157115. Give i(28).
343
Let d(u) = -1073*u - 20411. What is d(-19)?
-24
Let h(d) = 2*d**3 + 4*d**2 - 2283*d - 940. Give h(33).
-49
Let d(u) = u**3 + 169*u**2 + 2371*u - 11760. Calculate d(-153).
21
Let a(z) = 20*z**2 + 1772*z + 13749. Calculate a(-80).
-11
Let q(d) = 3072*d - 224304. Give q(73).
-48
Let x(a) = -59*a**2 + 2045*a - 1332. Calculate x(34).
-6
Let j(f) = 10*f**2 - 786*f - 783. Give j(-1).
13
Let m(i) = 30*i**3 - 248*i**2 + 159*i - 771. Determine m(8).
-11
Let v(m) = -4*m**3 - 6*m**2 + 57*m + 14. Give v(-6).
320
Let s(d) = -729*d - 15396. Give s(-19).
-1545
Let d(z) = -z**2 + 44829*z + 762392. Determine d(-17).
10
Let u(x) = -7*x**3 - 109*x**2 - 360*x - 7. Calculate u(-7).
-427
Let b(q) = 17544*q**2 - 52631*q - 2. Give b(3).
1
Let c(l) = 2520*l + 435950. What is c(-173)?
-10
Let p(d) = 3695*d + 1448609. Determine p(-392).
169
Let d(r) = r**3 + 3*r**2 - 2*r - 70. Calculate d(-4).
-78
Let l(t) = -242215*t + 2664357. Give l(11).
-8
Let a(u) = -u**2 + 4720*u + 214419. Determine a(-45).
-6
Let t(q) = 10*q**3 + 361*q**2 - 343*q - 165. Give t(-37).
205
Let l(b) = b**2 + 547749*b + 2738712. Determine l(-5).
-8
Let l(x) = 627*x - 75738. Determine l(121).
129
Let a(s) = s**3 - 43*s**2 + 42*s - 3573. What is a(45)?
2367
Let q(g) = g**3 - 88*g**2 + 1258*g + 188. Calculate q(70).
48
Let m(v) = -4*v**3 - 73*v**2 + 209*v - 2625. Calculate m(-22).
37
Let b(y) = 2*y**2 + 2154*y + 6441. Give b(-3).
-3
Let s(b) = -b**3 + 2*b**2 + 124*b + 188. Determine s(-10).
148
Let c(i) = -751*i**2 - 227554*i - 154. What is c(-303)?
149
Let p(a) = 23*a**2 - 224*a + 1524. Calculate p(7).
1083
Let o(n) = -17398*n - 330585. Calculate o(-19).
-23
Let y(z) = 7437*z - 654469. Calculate y(88).
-13
Let i(d) = -689*d - 177108. Give i(-257).
-35
Let f(p) = -p**3 + 85*p**2 - 23*p - 138. Calculate f(85).
-2093
Let b(v) = 4*v**3 - 11*v**2 + 14*v - 20. What is b(8)?
1436
Let o(v) = v**3 - 167*v**2 - 1474*v + 12950. Give o(175).
0
Let j(c) = -709*c**2 - 211*c - 212. Give j(-1).
-710
Let q(g) = -2302*g + 842547. Determine q(366).
15
Let l(f) = f**3 + 54*f**2 + 815*f + 25313. Determine l(-48).
17
Let l(b) = -302*b**2 - 1101*b + 2. What is l(-4)?
-426
Let a(t) = -t**3 - 251*t**2 - 7203*t - 1668. What is a(-218)?
294
Let g(m) = -391*m**2 - 1986*m - 151. Determine g(-5).
4
Let t(m) = m**3 - 43*m**2 - 1609*m - 347. Calculate t(67).
-414
Let j(a) = -2*a**3 - 14*a**2 + 32*a + 145. Calculate j(-7).
-79
Let p(m) = 27433*m + 795555. Calculate p(-29).
-2
Let g(l) = 11*l**3 - 44*l**2 + 26*l + 7. Determine g(3).
-14
Let w(z) = -2*z**3 + 6*z**2 + 139*z + 27. Give w(-9).
720
Let s(f) = 11471*f + 137639. Determine s(-12).
-13
Let u(w) = 51*w**2 + 5710*w + 257. Calculate u(-112).
481
Let p(g) = 139530*g + 418649. What is p(-3)?
59
Let r(g) = 386*g**2 + 5765*g - 378. What is r(-15)?
-3
Let z(i) = 2*i**3 - 34*i**2 - 4*i - 326. What is z(19)?
1042
Let s(z) = 4*z**2 + 111*z + 1437. Give s(-17).
706
Let n(v) = -416*v**2 + 10400*v + 20. What is n(25)?
20
Let n(v) = -235860*v - 707544. Give n(-3).
36
Let f(w) = 582*w + 6125. What is f(-11)?
-277
Let j(o) = 6*o**2 - 405*o + 3732. Give j(9).
573
Let v(n) = 11*n**2 - 120*n - 56. Give v(7).
-357
Let t(i) = -6*i**3 + 1154*i**2 - 375*i - 1664. Give t(192).
64
Let f(o) = o**3 - 96*o**2 - 22*o - 650. Determine f(96).
-2762
Let a(h) = -2*h**3 - 261*h**2 + 389*h - 33. Determine a(-132).
891
Let d(b) = b**3 + 669*b**2 + 3374*b + 252. What is d(-5)?
-18
Let c(x) = -2*x**2 - 252*x + 22093. Calculate c(-184).
749
Let u(c) = 507*c + 16293. Give u(-32).
69
Let z(u) = u**2 - 6485*u - 169256. What is z(-26)?
30
Let w(l) = -828*l + 204342. Give w(247).
-174
Let c(w) = -29*w**2 - 254*w + 725. Calculate c(3).
-298
Let p(y) = 6194*y + 346868. Give p(-56).
4
Let i(t) = 66*t - 9208. Determine i(144).
296
Let a(z) = 66567*z + 465969. Determine a(-7).
0
Let y(o) = o**3 - 120*o**2 - 468*o + 12105. Calculate y(123).
-72
Let s(i) = 7632*i + 84192. Calculate s(-11).
240
Let r(j) = -j**3 + 146*j**2 - 839*j + 33. Calculate r(140).
173
Let p(c) = -167*c - 8738. Calculate p(-50).
-388
Let d(a) = a**3 + 109*a**2 - 503*a - 5728. Determine d(-113).
35
Let z(d) = -d**2 - 540*d + 18791. Calculate z(33).
-118
Let t(x) = 6542*x - 32643. Calculate t(5).
67
Let m(y) = y**3 - 101*y**2 + 1292*y - 119. What is m(86)?
53
Let z(y) = -2363*y + 10178. What is z(5)?
-1637
Let q(t) = 2*t**3 - 44*t**2 + 95*t + 1705. Give q(12).
-35
Let z(h) = -144*h + 11707. Calculate z(80).
187
Let p(h) = 5*h**3 - 43*h**2 + 15*h - 168. Calculate p(9).
129
Let r(v) = -v**3 - 578*v**2 - 69126*v - 830. Determine r(-169).
15
Let k(g) = g**2 - 51*g + 251. What is k(55)?
471
Let v(h) = h**3 - 130*h**2 - 2483*h - 2369. Give v(147).
-17
Let i(o) = -253*o + 3550. Give i(14).
8
Let y(z) = 2921743*z - 32139172. What is y(11)?
1
Let t(y) = -981*y + 20308. What is t(21)?
-293
Let f(a) = -66*a**2 - 3767*a - 24. Give f(-57).
261
Let d(u) = 88*u + 3662. What is d(-36)?
494
Let z(y) = -314*y + 14153. Give z(34).
3477
Let r(f) = f**3 - 40*f**2 - 704*f + 95. What is r(53)?
-700
Let r(m) = -274*m - 48793. Give r(-178).
-21
Let t(x) = x**3 + 54*x**2 + 33*x - 10121. Calculate t(-17).
11
Let i(g) = -39*g**3 + 1793*g**2 - 1719*g + 408. What is i(45)?
3
Let n(h) = -55*h - 1711. Calculate n(-51).
1094
Let o(k) = -220*k + 465. What is o(1)?
245
Let n(w) = 14609*w + 4411919. What is n(-302)?
1
Let l(w) = w**3 + 255*w**2 + 4693*w - 1593. Give l(-235).
52
Let z(w) = 53400*w + 1441815. Determine z(-27).
15
Let l(v) = -7*v**2 + 249*v + 1267. Give l(-5).
-153
Let v(j) = -1753*j - 36889. Give v(-21).
-76
Let f(s) = -4277*s + 342210. What is f(80)?
50
Let x(y) = 6*y**3 + 317*y**2 - 361*y - 550. Determine x(-54).
-1468
Let o(j) = -4*j**3 - 1137*j**2 - 318*j - 9690. Determine o(-284).
-34
Let v(y) = y**3 + 4*y**2 - 321*y - 442. Calculate v(17).
170
Let w(y) = -1136*y - 6740. Calculate w(-6).
76
Let v(j) = -3*j**3 - 107*j**2 - 192*j - 536. What is v(-34)?
212
Let c(q) = 15*q**2 - 142*q + 210. Calculate c(7).
-49
Let l(r) = r**2 + 261*r - 55626. Calculate l(139).
-26
Let f(d) = 939*d + 161547. Calculate f(-172).
39
Let b(s) = 37524*s**2 + 487813*s + 20. Determine b(-13).
7
Let b(u) = -251*u + 1496. Give b(6).
-10
Let m(i) = -76*i + 1183. What is m(17)?
-109
Let j(v) = v**3 - 3*v**2 + 614*v - 3096. Determine j(5).
24
Let l(z) = -4*z**2 - 1160*z + 109498. What is l(75)?
-2
Let i(r) = 234*r**2 + 9824*r + 35. Calculate i(-42).
203
Let l(m) = 707845*m + 16988277. Calculate l(-24).
-3
Let w(j) = 9*j**2 - 13412*j + 40208. Give w(3).
53
Let d(k) = -2595*k**2 - 96015*k - 5. What is d(-3